remainder when w is divided by y?
14
Suppose 2*o - 1 + 1 = 0. Suppose o = 3*h - 4 + 10, 5*h = -5*v + 70. Calculate the remainder when 45/(-2)*(-6)/3 is divided by v.
13
Suppose 0 = -0*u - 2*u - 2*b + 1120, -5*u + 2800 = 2*b. Calculate the remainder when u is divided by 141.
137
Let g(j) = -10*j + 7. Let i = 755 + -515. Let r = i - 201. What is the remainder when g(-7) is divided by r?
38
Let u(j) = j**3 + j**2 - 8*j - 1. Let d(o) = o**3 - 7*o - 3. Let h(y) = 4*d(y) - 5*u(y). Calculate the remainder when h(-8) is divided by 19.
13
What is the remainder when 8/3*((-36)/(72/(-6)) + 51) is divided by 86?
58
Suppose 0 = -2*m - 40 + 138. Let t be (126/12)/(((-6)/2)/(-2016)). Suppose -8*l = -57*l + t. Calculate the remainder when l is divided by m.
46
Suppose -9*x = -x - 32. Suppose -x*g + 128 = 5*d, -11*g = -2*d - 9*g + 44. Calculate the remainder when 42 is divided by d.
18
Suppose 49*g - 1157772 = -245*g. What is the remainder when g is divided by 18?
14
Let l be 2 + -6 - -2 - (-4)/2. Suppose 3*s + 3*r - 21 = 0, l*s + 2*r = 5*s - 28. Suppose s*h - 329 = -65. What is the remainder when 262 is divided by h?
42
Let u be (1 + -2)/(6/(-882)). Suppose n + 58 = 3*n - 2*k, u = 5*n - 4*k. What is the remainder when n is divided by 5?
1
Let b(k) = -19*k - 186. Let l be b(-19). Suppose 93*q = 100*q - l. What is the remainder when 74 is divided by q?
24
Suppose 2*o - 2 + 1 = -z, 3*o = z - 6. Calculate the remainder when 636 is divided by z - (-83 + (-7 - -2)).
90
Let s(d) = 19*d**2 - 13*d + 85. Calculate the remainder when s(6) is divided by 68.
11
Let g(t) = t**3 + 6*t**2 + 4*t + 7. Let h be (-2 - 1) + -2 + 0. Calculate the remainder when 64 is divided by g(h).
4
Suppose 342*h - 345*h + n = -309, 4*h - 406 = 2*n. Suppose -4*l + 22 + 14 = 0. Calculate the remainder when h is divided by l.
7
Suppose -3*x + 14 - 17 = 0. Let p(u) = -5*u**3 - 2*u**2 + 1. Let r be p(x). Suppose -13 + 161 = r*f. What is the remainder when 108 is divided by f?
34
Suppose z - 25 = 11*s - 7*s, 3*s = -12. What is the remainder when 647 is divided by z?
8
Suppose -25 + 95 = 14*o. Suppose 0 = l - 112 - o. Calculate the remainder when l is divided by 30.
27
Let h = 4629 - 4555. What is the remainder when 146 is divided by h?
72
Let q(w) = w**2 - 4*w - 6. Let a = -522 - -519. Calculate the remainder when 22 is divided by q(a).
7
Suppose -10 + 1 = -3*d. Let a = -4 - -28. What is the remainder when a is divided by 7 + -6*(d - (-10)/(-3))?
6
Suppose 1739 = -33*w + 221. Let q = -23 - w. Calculate the remainder when 206 is divided by q.
22
Suppose 6*j = 14*j - 144. Let f = j - 15. Let t(c) = 5*c + 4. Calculate the remainder when 31 is divided by t(f).
12
Let t(p) = -2*p + 2. Let m(c) = 116*c - 85. Let l(g) = -m(g) + 6*t(g). What is the remainder when l(-4) is divided by 13?
11
Suppose 0 = 2*q + 3*q - 4*b + 36, 0 = 2*q - 3*b + 20. Let r(c) = -c**3 + 2*c**2 + 20*c - 5. What is the remainder when 43 is divided by r(q)?
10
Let n = 66 + -41. Suppose 2*r - 4*r - 2 = -5*o, -5*r = o - 22. Suppose -5*l + 47 = o. What is the remainder when n is divided by l?
7
Let f(p) = 4*p**3 + 10*p**2 - 19*p + 2. What is the remainder when f(6) is divided by 21?
20
Suppose 2*x = 3*d + 120, -4*x + 6*d + 242 = d. Let o be (57/9)/((-2)/6). Let i = 32 + o. What is the remainder when x is divided by i?
11
Let d = -3 - -11. Let v = 33 - d. Let c(a) = 2*a**2 - 162*a - 1575. What is the remainder when c(-9) is divided by v?
20
Let m(u) = -106*u - 1626. What is the remainder when 300 is divided by m(-16)?
20
Let w = 11 - 71. Suppose 15*f = 21*f - 702. What is the remainder when f is divided by ((-4)/10)/(2/w)?
9
Let k be 0/(-1 + (-9)/(-3)). Suppose -2*q + k*q = -y + 28, 5*q = 0. What is the remainder when 91 is divided by y?
7
Let y(z) = -1500*z - 64. Calculate the remainder when y(-2) is divided by 13.
11
Let q be (-26)/(-10) - (-12)/(-20). Suppose 2*j + 19 = z + 1, 2*j = -z - q. Suppose z*g = 4*g + 124. Calculate the remainder when 59 is divided by g.
28
Suppose -19*x + 5*x = -28. Suppose -2*a - x*t = -3*t - 147, 137 = 2*a - 3*t. What is the remainder when a is divided by 13?
11
Suppose 3*c = 5*d + 48, 10*d + 23 = 8*d + 5*c. Let a(z) = -z**3 - 11*z**2 - 27*z + 1. What is the remainder when a(d) is divided by 14?
12
Suppose -4*f + 0*f = 48, -2*f = -273*u + 272*u + 187. What is the remainder when u is divided by 42 - 2/((-2)/(-1))?
40
Suppose 0 = -3*d + 2*o + 7, 0 = -3*d + 2*d - 4*o + 7. Let x(b) = 149*b**2 - 142*b**2 + 4*b - 1 - b**d + 0*b. Calculate the remainder when x(7) is divided by 5.
2
Suppose -118*q + 811818 = 13*q - 12*q. Calculate the remainder when q is divided by 39.
36
Suppose 5*o - 5*s + 13 = 98, 86 = 5*o - 4*s. Calculate the remainder when 1005 is divided by o.
15
Suppose -y = -15 - 15. What is the remainder when (52/(-14))/((-5)/140) is divided by y?
14
Suppose -5*s - 3 = -m - 1, 5*m - 2*s - 125 = 0. Let x = -3177 + 3213. What is the remainder when x is divided by m?
9
Suppose 2*v = -4*a + 1277 + 627, -5*v = -5*a - 4685. Let y = 960 - v. What is the remainder when 241 is divided by y?
7
Let u(s) = s**2 - 180*s + 3915. What is the remainder when 833 is divided by u(155)?
33
Let v(l) = -13 - 99*l - 13*l + 48 + 13 - 14. What is the remainder when v(-2) is divided by 19?
11
What is the remainder when 1046 is divided by ((-4)/3)/(15/((-7875)/20))?
31
Suppose -16*c - 1351 = -3*b - 21*c, -2*b = c - 910. Let x = b + -406. What is the remainder when 403 is divided by x?
46
Let k(r) = -r**2 + 20*r + 18. What is the remainder when 26567 is divided by k(20)?
17
Let o be (-1515)/(-9) - -5 - (-1)/(-3). Suppose 0 = o*r - 172*r - 28. Calculate the remainder when 109 is divided by r.
25
Let b(q) = q**3 - 6*q**2 - 6*q + 2. Let u be 3/(7/((-1736)/(-12))). Let l = u + -55. Calculate the remainder when 33 is divided by b(l).
6
Let i(c) = -11*c**2 + 16 - 1 - 1 - c**3 - 5*c + 5*c**2. What is the remainder when i(-7) is divided by 10?
8
What is the remainder when 570 is divided by (-15*18/21)/(1 + (-9)/7)?
30
Suppose -q + 5*q = 8*w + 164, -123 = -3*q + 4*w. Calculate the remainder when 3729 is divided by q.
39
Suppose -5*j - 15 = -2*j, 0 = 3*l - 2*j - 157. Suppose -114*f - 609*f = -7*f - 13604. What is the remainder when l is divided by f?
11
Let p(s) = 48*s**2 - 6*s + 6. Let q be p(1). Let u = q - -618. Suppose 28*l = 22*l + u. What is the remainder when l is divided by 38?
35
Suppose 2*p - p + 1694 = 8*p. What is the remainder when p is divided by 23?
12
Suppose 21 = 4*x + 5*v, x - 3*v + 62 = 63. What is the remainder when 45 is divided by x?
1
Let s = 405 + -364. Suppose 1 = w - 4. Suppose -w*j + 7*j - 22 = 0. Calculate the remainder when s is divided by j.
8
What is the remainder when (-8 - 138/(-12))/(3/240) is divided by 92?
4
Suppose 23*d + 9*d - 8946 = 18*d. Calculate the remainder when d is divided by 160.
159
Suppose 2046*w + 575 = 2071*w. What is the remainder when 138 is divided by w?
0
Suppose 18*n + 1546 = 48*n - 1364. What is the remainder when 153 is divided by n?
56
Suppose -b + 2*o + 58 = 3*o, -2*o = 4*b - 222. Let c(h) = 4*h**3 - h - 6. What is the remainder when c(3) is divided by b?
46
What is the remainder when 864 is divided by 74 + -4 + 2 - 5 - (-11 + 12)?
6
Suppose 4*s - 129*g + 130*g = 122, 2*s - 4*g = 70. Calculate the remainder when 4276 is divided by s.
29
Suppose 2*h + 54 + 16 = 0. What is the remainder when (-4)/(-14) + (-2020)/h - 4 is divided by 15?
9
Let k(l) = 17*l - 208. Let p be (-345)/5*(40/12)/(-10). Calculate the remainder when k(p) is divided by 95.
88
Let o = -7 + 5. Let q(s) = s**2 + 10*s + 15. Calculate the remainder when 31 + o + (-3 - -1) is divided by q(-10).
12
Suppose -u - 9*z = -13*z - 2290, -3*u - 2*z = -6814. What is the remainder when u is divided by 25?
24
Suppose 5*y - 794 = -l, -5*y + 160 + 1418 = 2*l. Suppose -l + 329 = -7*j. Calculate the remainder when 189 is divided by j.
59
Let k(n) = -n**3 - 8*n**2 + 50*n + 24. Let s be k(-12). Suppose s*z + 1426 = 4*z + 2*o, -z + 2*o = -364. What is the remainder when z is divided by 91?
85
Let y(w) = -w**3 - 6*w**2 - 9. Let n = 535 + -315. Let q = -103 + n. What is the remainder when q is divided by y(-7)?
37
Calculate the remainder when 49 is divided by 45 - 32 - (-7 - 0).
9
Suppose 0 = -10*g + 160 + 170. Suppose -4*k = -4*i + 216,